6*a - 9. Let c be k(0). Let o(q) = 4*q - 6. What is the remainder when j(c) is divided by o(6)?
11
Suppose 533 = -757*j + 765*j - 363. What is the remainder when 999 is divided by j?
103
Suppose 7*o + 15 = 1. Let c(a) = -31*a + 10. Let i be c(o). Suppose -9*f = -13*f + i. Calculate the remainder when 31 is divided by f.
13
Calculate the remainder when 153 is divided by (14/21)/(2*1)*93 + 1.
25
Let l = -89416 - -89485. Suppose 0 = -4*q - 0*q + 7164. Calculate the remainder when q is divided by l.
66
Let k(z) = z + 0*z**2 + 4 + 2*z**2 - 3. Let c be k(1). Suppose -2*f + 84 = -c. Calculate the remainder when f is divided by 15.
14
What is the remainder when 1279 is divided by (-1170)/455*(0 - (-161)/(-2))?
37
Let r(z) = -105*z**3 - z**2 - z. Suppose 239 - 287 = 4*b. What is the remainder when r(-1) is divided by 8/b*(-11)/(44/216)?
33
Let d = -942 - -945. Let t = -10 + 15. Suppose -d*k - t*k = -976. Calculate the remainder when k is divided by 25.
22
Let l(g) = -g**2 - 10*g + 10. Let y be l(-10). Suppose 110 = -5*o + y*o. Let b(d) = d**2 - 42*d - 36. Calculate the remainder when o is divided by b(43).
1
Let y(b) = -179*b - 15905. Calculate the remainder when y(-98) is divided by 68.
5
Let n = -203 + 219. Suppose -684 = -34*w + 1424. Calculate the remainder when w is divided by n.
14
Let b(r) = -2*r**2 - 4*r + 6. Let n be b(2). What is the remainder when 77 is divided by (6/(-5))/(n/2100*9)?
21
Suppose 2702 = 11*s + 546. Calculate the remainder when s is divided by 81.
34
Let q(g) = 3*g**2 + 128*g + 385. Calculate the remainder when 269 is divided by q(-3).
17
Let y = -355 + 358. Suppose -8*b + 4*z - 595 = -9*b, -b + 592 = y*z. Calculate the remainder when b is divided by 98.
93
Let x(c) = -c - 2. Let l be x(-6). Suppose 2*s - 8 = -4*v, 5*v - l*s + 4 = -12. Suppose 5*h - 545 = -v*h. Calculate the remainder when h is divided by 28.
25
Let z = 10603 - 10553. Calculate the remainder when 338 is divided by z.
38
Suppose 0 = -3*a + 307 - 1606. Let y = -279 - a. Calculate the remainder when y is divided by 39.
37
Suppose -19*n = 602 - 1419. Calculate the remainder when 5288 is divided by n.
42
Let d(o) = -o**3 + 8*o**2 + 0*o**3 - 5*o - 22 + 12. Let u be d(7). Calculate the remainder when -108*(2 + -6*2/u) is divided by 22.
20
Let r = 57 - 25. Suppose -29*q = -r*q + 9. What is the remainder when (1 - 3) + q + (17 - -2) is divided by 8?
4
Suppose -348 = 4*s - 4*m, -3*s - 2*m - 400 = 2*s. Let f = 92 + s. Calculate the remainder when 17 is divided by f.
7
Suppose 11*t + 5*t - 156 = -10*t. What is the remainder when 35 is divided by t?
5
Let i(w) = 1 - 3 + 24*w + 16*w. Calculate the remainder when ((-8 + 0)*-14)/1 is divided by i(1).
36
Suppose -5*s + 171 = 2*n - 4*n, 0 = -2*n + 2*s - 174. Calculate the remainder when 70 is divided by (-127)/(-5) - (-4 + n/(-20)).
20
Let s(q) = -11*q - 9. Let l be s(-8). Suppose -84*x = -l*x + 4*a - 188, 2*a - 184 = -5*x. What is the remainder when 77 is divided by x?
5
Suppose -r - 2*w + 1 = 0, 7*w - 4*w = -5*r + 26. Suppose 3*m - 132 = -0. What is the remainder when m is divided by r?
2
Suppose -3*a = -2*y - 332, -254 = 4*a - 2*y - 696. Calculate the remainder when a is divided by 25.
10
Suppose -382 = -7*j - 165. Calculate the remainder when 342 is divided by j.
1
Let s = 238 + 83. Suppose -21*f + 18*f = -s. Calculate the remainder when f is divided by 38.
31
Suppose -2*w + 5*f + 766 = 0, 74*w + 5*f = 79*w - 1945. Let n(s) = 24*s + 7. What is the remainder when w is divided by n(3)?
77
Let b(q) = -4*q + 130. Let m be b(0). Let h = 169 - m. Suppose -2*v + 35 = n, 4*n = -3*v - 15 + 55. What is the remainder when h is divided by v?
19
Suppose 0 = -4*j, -5*g + 1284 = -4*g + 2*g + j. What is the remainder when g is divided by 145?
138
Let u = 14728 - 14688. What is the remainder when 3879 is divided by u?
39
Suppose 12*p = 13*p - 20. Suppose -4*n + 156 - 10 = 2*x, 0 = 3*n. Calculate the remainder when x is divided by p/(-5) + 26 + 3.
23
Suppose 352 - 368 = -b. Let l = 23 - b. Let z = -1 - -38. What is the remainder when z is divided by l?
2
Suppose 3*f = -3*c + 6, -2*c + 13 - 29 = -3*f. Suppose -1427 = -3*q - f*u, 13*q - 9*q + 2*u - 1906 = 0. Calculate the remainder when q is divided by 120.
117
Let u(x) = 2*x**3 + 8*x**2 - 5*x - 22. Let v be u(-7). Let y = 580 + v. Calculate the remainder when y is divided by 43.
41
Suppose -2*m = -5*u + 15645, 0*u = -19*u - 3*m + 59398. Calculate the remainder when u is divided by 92.
91
Let j be (280/6)/((-20)/60). What is the remainder when (-4)/2 - j/20 is divided by 3?
2
Let z = -2241 - -3638. What is the remainder when z is divided by 70?
67
Let n be 1*0/(-5) + -8 + 0. Let c(x) = x**2 + x - 3. What is the remainder when c(n) is divided by 14?
11
What is the remainder when ((-10)/(-20) + (-232)/16)*37/(-2) is divided by 29?
27
Let f(n) = -846*n + 1641. What is the remainder when f(-6) is divided by 14?
11
Let p(x) be the first derivative of x**2/2 - 2*x + 178. Let j(u) = 6*u**2. Let n be j(-1). Calculate the remainder when 27 is divided by p(n).
3
Let d(g) = 1 + g + 7*g - 6*g - 3*g. What is the remainder when 111 is divided by d(-8)?
3
What is the remainder when 714 is divided by -4 + -10 + 10 + 5?
0
Suppose 4*r - 76 - 4 = 0. Let o = 29 + -28. Calculate the remainder when r is divided by 7/1*(o + (-4)/28).
2
Suppose 21 - 1 = 2*q. Suppose -8*k + 10*k - 6 = 0. Suppose k*o = 5*h - 423, 2*h = 3*o - 23 + 185. Calculate the remainder when h is divided by q.
7
Suppose 0 = 15*x + 2*x - 833. Let k be 2/4 - (-246)/4. Let r = k - x. What is the remainder when 31 is divided by r?
5
Let u(l) = 97*l - 437. Calculate the remainder when u(22) is divided by 85.
82
Suppose -4*n = -n - 18. Suppose n*o = 3*o. What is the remainder when 26/39 + (-410)/(-6) - o is divided by 14?
13
Let a(m) = -24*m**2 - 56*m + 44. Let q(f) = -11*f**2 - 28*f + 23. Let w(t) = 6*a(t) - 13*q(t). Calculate the remainder when w(19) is divided by 48.
40
Let c = -117391 - -117402. Suppose -r + 177 = 4*j - 0*j, 0 = j + 2*r - 53. What is the remainder when j is divided by c?
10
Suppose -2920*k = -2903*k - 2635. What is the remainder when k is divided by 148?
7
What is the remainder when 165 is divided by ((-231)/22 + 4)*2 + 84?
23
Let u = -99 + 80. Let b = u - -47. Calculate the remainder when b is divided by 15.
13
Calculate the remainder when 166 is divided by 13 - -5 - -58 - 13.
40
Let a = 8262 + -8140. What is the remainder when 385 is divided by a?
19
Suppose 4*o = 925 + 667. Suppose -m + 0*l + l + 96 = 0, 4*m - o = -3*l. Calculate the remainder when m is divided by 34.
30
Let x(s) = s**2 - 164. Let j be x(-13). Suppose 3*m - 24 = -2*h + 16, -h - 22 = -2*m. Calculate the remainder when 123 is divided by (j + (-260)/m)/((-4)/6).
23
Let x be (-3348)/30 + 6/(-15). Let r = x + 251. Calculate the remainder when r is divided by 10.
9
Let g be (4/(-6))/(6/216*8). What is the remainder when 1*((-114)/(-3) + g) is divided by 10?
5
Suppose -3*m = x - 12, 3*x - 2*m + 13 - 60 = 0. Suppose 0*s + x = 3*s. Suppose 2*t + 2 = 3*t. What is the remainder when s is divided by t?
1
Suppose 4091 = 5*o - q, q = -8*o + 4*o + 3271. Calculate the remainder when o is divided by 103.
97
Let q(w) = -73*w**3 - 6*w**2 - 11*w + 1. Calculate the remainder when 1758 is divided by q(-2).
9
Let f(n) = 19*n**2 - 18*n - 118. What is the remainder when f(5) is divided by 22?
3
What is the remainder when 971 is divided by (38112/1408 + 2/11)*4?
99
Let g(b) = 19*b**2 - 6*b - 12. What is the remainder when 183 is divided by g(-2)?
31
Let s(a) = -2*a - 6. Suppose i + 6 + 6 = 0. Suppose 4*b - b - 210 = 0. Calculate the remainder when b is divided by s(i).
16
Suppose -1030*j = -1010*j - 740. Calculate the remainder when 292 is divided by j.
33
Let q be 42/28 + (-19)/(-2). Suppose -q*y = -6*y - 20. Suppose 6*v - 430 = -y*v. What is the remainder when v is divided by 24?
19
Let w(a) = -a**3 - a**2 + a + 45. Let i be (4*45/20)/(1/2). Suppose -130 = -i*f + 8*f. Calculate the remainder when w(0) is divided by f.
6
Let v be (-2703)/(-18) - (-3)/(-18). Suppose -17*q = -11*q - v. Calculate the remainder when q is divided by 14.
11
Let a = -33775 - -33785. Suppose 194 = 4*w - 118. Calculate the remainder when w is divided by a.
8
Suppose 0 = 3*h - 3, 4*u - 2*h = -u + 438. Let c(y